late the remainder when 5766 is divided by 60.
6
Calculate the remainder when 358 is divided by 8.
6
What is the remainder when 183 is divided by 56?
15
Calculate the remainder when 357 is divided by 24.
21
Calculate the remainder when 3133 is divided by 28.
25
Calculate the remainder when 1262 is divided by 332.
266
Calculate the remainder when 76 is divided by 26.
24
Calculate the remainder when 586 is divided by 91.
40
Calculate the remainder when 6274 is divided by 153.
1
Calculate the remainder when 599 is divided by 173.
80
Calculate the remainder when 8489 is divided by 193.
190
Calculate the remainder when 229 is divided by 48.
37
What is the remainder when 663 is divided by 128?
23
What is the remainder when 405 is divided by 8?
5
What is the remainder when 3474 is divided by 579?
0
What is the remainder when 226 is divided by 27?
10
Calculate the remainder when 438 is divided by 174.
90
What is the remainder when 14408 is divided by 22?
20
Calculate the remainder when 88 is divided by 35.
18
Calculate the remainder when 229 is divided by 117.
112
What is the remainder when 341 is divided by 49?
47
What is the remainder when 152 is divided by 39?
35
What is the remainder when 67 is divided by 58?
9
What is the remainder when 503 is divided by 4?
3
What is the remainder when 702 is divided by 47?
44
Calculate the remainder when 579 is divided by 20.
19
Calculate the remainder when 2113 is divided by 305.
283
Calculate the remainder when 164 is divided by 22.
10
What is the remainder when 92 is divided by 24?
20
Calculate the remainder when 14 is divided by 6.
2
What is the remainder when 97 is divided by 79?
18
Calculate the remainder when 511 is divided by 85.
1
Calculate the remainder when 7786 is divided by 33.
31
Calculate the remainder when 136 is divided by 25.
11
Calculate the remainder when 1545 is divided by 33.
27
Calculate the remainder when 66 is divided by 18.
12
Calculate the remainder when 96 is divided by 50.
46
What is the remainder when 1476 is divided by 52?
20
Calculate the remainder when 15 is divided by 5.
0
Calculate the remainder when 2373 is divided by 592.
5
Calculate the remainder when 439 is divided by 129.
52
Calculate the remainder when 221 is divided by 56.
53
What is the remainder when 336 is divided by 62?
26
What is the remainder when 677 is divided by 215?
32
What is the remainder when 621 is divided by 114?
51
What is the remainder when 275 is divided by 33?
11
What is the remainder when 2677 is divided by 141?
139
What is the remainder when 5039 is divided by 8?
7
What is the remainder when 34 is divided by 34?
0
Calculate the remainder when 566 is divided by 186.
8
Calculate the remainder when 679 is divided by 34.
33
What is the remainder when 9 is divided by 5?
4
Calculate the remainder when 492 is divided by 237.
18
Calculate the remainder when 90 is divided by 30.
0
Calculate the remainder when 598 is divided by 177.
67
Calculate the remainder when 4125 is divided by 57.
21
What is the remainder when 4259 is divided by 82?
77
What is the remainder when 2074 is divided by 189?
184
What is the remainder when 366 is divided by 14?
2
What is the remainder when 475 is divided by 107?
47
What is the remainder when 211 is divided by 76?
59
Calculate the remainder when 1196 is divided by 75.
71
What is the remainder when 1363 is divided by 339?
7
Calculate the remainder when 71 is divided by 21.
8
What is the remainder when 810 is divided by 808?
2
What is the remainder when 1882 is divided by 46?
42
What is the remainder when 973 is divided by 160?
13
What is the remainder when 50 is divided by 25?
0
What is the remainder when 428 is divided by 18?
14
What is the remainder when 147 is divided by 37?
36
Calculate the remainder when 47 is divided by 8.
7
What is the remainder when 1119 is divided by 32?
31
What is the remainder when 575 is divided by 8?
7
Calculate the remainder when 4731 is divided by 128.
123
What is the remainder when 430 is divided by 102?
22
What is the remainder when 103 is divided by 95?
8
Calculate the remainder when 355 is divided by 35.
5
What is the remainder when 652 is divided by 139?
96
What is the remainder when 244 is divided by 84?
76
What is the remainder when 616 is divided by 126?
112
What is the remainder when 135 is divided by 38?
21
What is the remainder when 83 is divided by 42?
41
What is the remainder when 4114 is divided by 1369?
7
Calculate the remainder when 70 is divided by 18.
16
Calculate the remainder when 608 is divided by 54.
14
What is the remainder when 438 is divided by 40?
38
What is the remainder when 398 is divided by 16?
14
What is the remainder when 45 is divided by 44?
1
Calculate the remainder when 934 is divided by 45.
34
Calculate the remainder when 651 is divided by 112.
91
Calculate the remainder when 285 is divided by 5.
0
Calculate the remainder when 83 is divided by 54.
29
What is the remainder when 35 is divided by 17?
1
Calculate the remainder when 211 is divided by 24.
19
Calculate the remainder when 74 is divided by 18.
2
What is the remainder when 247 is divided by 153?
94
What is the remainder when 587 is divided by 99?
92
What is the remainder when 563 is divided by 4?
3
What is the remainder when 822 is divided by 25?
22
What is the remainder when 805 is divided by 198?
13
Calculate the remainder when 270 is divided by 28.
18
Calculate the remainder when 1143 is divided by 161.
16
What is the remainder when 796 is divided by 20?
16
What is the remainder when 270 is divided by 90?
0
What is the remainder when 378 is divided by 38?
36
What is the remainder when 4181 is divided by 210?
191
What is the remainder when 381 is divided by 161?
59
Calculate the remainder when 396 is divided by 119.
39
Calculate the remainder when 111 is divided by 43.
25
What is the remainder when 1896 is divided by 20?
16
Calculate the remainder when 1002 is divided by 67.
64
What is the remainder when 186 is divided by 95?
91
What is the remainder when 710 is divided by 56?
38
Calculate the remainder when 167 is divided by 32.
7
Calculate the remainder when 39 is divided by 17.
5
What is the remainder when 176 is divided by 77?
22
What is the remainder when 138 is divided by 3?
0
What is the remainder when 188 is divided by 17?
1
What is the remainder when 111 is divided by 36?
3
Calculate the remainder when 620 is divided by 62.
0
What is the remainder when 41 is divided by 23?
18
Calculate the remainder when 82 is divided by 16.
2
What is the remainder when 369 is divided by 30?
9
Calculate the remainder when 360 is divided by 13.
9
Calculate the remainder when 2578 is divided by 20.
18
What is the remainder when 123 is divided by 16?
11
Calculate the remainder when 312 is divided by 16.
8
Calculate the remainder when 118 is divided by 7.
6
What is the remainder when 65 is divided by 17?
14
What is the remainder when 35 is divided by 9?
8
What is the remainder when 48 is divided by 46?
2
Calculate the remainder when 1577 is divided by 8.
1
What is the remainder when 224 is divided by 78?
68
What is the remainder when 1217 is divided by 603?
11
What is the remainder when 16814 is divided by 16?
14
Calculate the remainder when 12 is divided by 7.
5
What is the remainder when 1942 is divided by 12?
10
Calculate the remainder when 102 is divided by 23.
10
Calculate the remainder when 1055 is divided by 22.
21
What is the remainder when 3576 is divided by 90?
66
Calculate the remainder when 1133 is divided by 19.
12
What is the remainder when 169 is divided by 43?
40
What is the remainder when 1423 is divided by 72?
55
What is the remainder when 14747 is divided by 49?
47
What is the remainder when 1151 is divided by 15?
11
What is the remainder when 3937 is divided by 263?
255
What is the remainder when 2127 is divided by 14?
13
What is the remainder when 1629 is divided by 38?
33
Calculate the remainder when 7126 is divided by 44.
42
Calculate the remainder when 349 is divided by 86.
5
Calculate the remainder when 52 is divided by 24.
4
What is the remainder when 3283 is divided by 67?
0
Calculate the remainder when 669 is divided by 84.
81
Calculate the remainder when 157 is divided by 31.
2
Calculate the remainder when 114 is divided by 101.
13
